 a composite number?
False
Is 14756000411 a composite number?
False
Is 58060298599 prime?
True
Is 3241066841 a prime number?
True
Is 1900451351 composite?
False
Is 339365737 composite?
False
Is 6238327673 composite?
False
Is 8087127547 a prime number?
False
Is 523843379 a prime number?
False
Is 4019195387 a composite number?
False
Is 8001024491 composite?
True
Is 6354106537 composite?
True
Is 11715611431 composite?
False
Is 32846031581 prime?
False
Is 1510484707 composite?
True
Is 253796161 a prime number?
False
Is 9838921397 composite?
True
Is 7065511633 prime?
False
Is 88242713917 composite?
False
Is 9679506289 prime?
True
Is 3865925759 a prime number?
False
Is 1184452523 composite?
False
Is 186199497671 a composite number?
True
Is 2717633057 prime?
False
Is 984014333 prime?
False
Is 5096382359 a composite number?
False
Is 5348963233 prime?
False
Is 34323226087 a composite number?
False
Is 313055551 a composite number?
True
Is 2369100611 a composite number?
True
Is 72784169201 a composite number?
False
Is 46304287051 a prime number?
False
Is 84898730587 composite?
True
Is 44267511151 prime?
True
Is 2573696315 composite?
True
Is 2030484151 a prime number?
True
Is 692599973 a prime number?
False
Is 794637299 a prime number?
True
Is 25709280349 prime?
False
Is 5888349601 a composite number?
False
Is 3744602081 composite?
True
Is 2001398029 prime?
False
Is 191833813 prime?
True
Is 137370671 prime?
False
Is 1403639823 composite?
True
Is 430255439 composite?
True
Is 12234556291 prime?
False
Is 647251019 a composite number?
False
Is 21226337263 prime?
False
Is 17299902623 composite?
False
Is 53381491 a prime number?
False
Is 57486610637 composite?
False
Is 33620689131 prime?
False
Is 64826363647 composite?
False
Is 13650250165 prime?
False
Is 5924782973 composite?
False
Is 5866714979 a prime number?
False
Is 873535487 a prime number?
False
Is 917158043 a prime number?
False
Is 2315811187 a prime number?
True
Is 25331191387 composite?
False
Is 1292424547 a composite number?
False
Is 1107396239 composite?
False
Is 71215024051 a prime number?
True
Is 101721127517 a prime number?
True
Is 1151802719 prime?
True
Is 43198437 composite?
True
Is 26208927193 a composite number?
True
Is 197130403 prime?
False
Is 76270630049 prime?
False
Is 974708837 prime?
True
Is 66417696179 composite?
True
Is 448915517 composite?
False
Is 82422139 a composite number?
False
Is 922778587 prime?
True
Is 23305599053 prime?
False
Is 4537572353 composite?
False
Is 58956276443 a composite number?
True
Is 107218459631 prime?
True
Is 1274467561 a composite number?
True
Is 176130071 a composite number?
True
Is 508758857 prime?
True
Is 60606944701 a prime number?
False
Is 3642911351 a prime number?
False
Is 18772041877 composite?
False
Is 1687628557 a prime number?
True
Is 17239421 composite?
False
Is 7771750642 a prime number?
False
Is 747062471 prime?
False
Is 972917819 a composite number?
True
Is 1922556863 a prime number?
True
Is 1328588537 prime?
False
Is 3270465071 a composite number?
False
Is 5104758001 composite?
True
Is 396915461 a prime number?
True
Is 70538779 prime?
True
Is 32557364627 composite?
False
Is 549044059 a prime number?
True
Is 150661897 a prime number?
False
Is 2219687213 prime?
True
Is 2144622509 a prime number?
False
Is 27130039 composite?
False
Is 765193789 prime?
False
Is 8717363909 a composite number?
True
Is 10672777 composite?
False
Is 235183609 composite?
True
Is 872256479 composite?
False
Is 279706409 a composite number?
True
Is 35344270723 a composite number?
False
Is 1150070011 prime?
False
Is 8927624341 composite?
True
Is 5675864669 composite?
False
Is 2625647459 a composite number?
False
Is 4005959393 a composite number?
True
Is 41826489811 a prime number?
True
Is 1265273089 a prime number?
True
Is 1633103939 a prime number?
True
Is 1308448297 prime?
False
Is 3735118157 composite?
True
Is 3631502597 a composite number?
False
Is 6111622849 a composite number?
True
Is 710196679 a composite number?
False
Is 1406311823 a prime number?
False
Is 144756697 a composite number?
True
Is 31686775607 composite?
True
Is 250832297 composite?
True
Is 3753898111 a composite number?
False
Is 8538407603 prime?
False
Is 1464140611 composite?
True
Is 67358399 prime?
True
Is 3223111349 composite?
False
Is 942894131 prime?
False
Is 81197308693 prime?
True
Is 70073743 composite?
True
Is 105714394501 a prime number?
False
Is 529541629 a prime number?
True
Is 257429191 composite?
False
Is 46984271 a prime number?
True
Is 2829239009 prime?
False
Is 44137987 a composite number?
True
Is 432864999299 prime?
False
Is 171923065133 composite?
True
Is 1840423007 prime?
True
Is 42199752853 a prime number?
True
Is 1642586915 a composite number?
True
Is 443709061 a composite number?
True
Is 382940297 a prime number?
True
Is 3973040413 a composite number?
True
Is 432624351 composite?
True
Is 239250083 a composite number?
True
Is 8812716929 a composite number?
False
Is 4759093519 composite?
False
Is 348881707 a prime number?
True
Is 59569589609 a composite number?
True
Is 5661069287 composite?
True
Is 1789068887 prime?
True
Is 2921487691 a prime number?
True
Is 1258112831 prime?
True
Is 1023505159 a prime number?
True
Is 34681344239 a composite number?
True
Is 758142263 a prime number?
False
Is 18392501177 prime?
True
Is 245842204029 prime?
False
Is 62784487027 a prime number?
True
Is 63906967 prime?
True
Is 140532437 a prime number?
True
Is 13533178079 composite?
False
Is 104448431 composite?
False
Is 8632055093 prime?
False
Is 19486731907 composite?
True
Is 436422817 a composite number?
False
Is 10615620373 a composite number?
False
Is 4317337483 a prime number?
True
Is 1858966781 composite?
True
Is 5076771985 a prime number?
False
Is 54191567 composite?
True
Is 1393639747 composite?
True
Is 6468217787 composite?
False
Is 9179715557 a composite number?
False
Is 33774583613 prime?
True
Is 4387586509 prime?
False
Is 2497892801 a composite number?
False
Is 6066767461 composite?
False
Is 459950273 prime?
True
Is 1014852191 prime?
False
Is 2233875557 a prime number?
False
Is 93582529429 a composite number?
False
Is 21618803153 a composite number?
False
Is 99290766331 a prime number?
True
Is 15972020059 a composite number?
True
Is 1216336369 a composite number?
False
Is 536821663 a composite number?
True
Is 548886209 a composite number?
True
Is 7475907113 a prime number?
False
Is 4426593601 a composite number?
False
Is 48070137967 composite?
False
Is 3329586959 composite?
True
Is 171588199 composite?
False
Is 5407102567 composite?
True
Is 137345766062 a prime number?
False
Is 7701479153 a prime number?
False
Is 1952922679 composite?
True
Is 120952179937 a prime number?
False
Is 819846317 composite?
False
Is 26296199251 composite?
True
Is 371747514167 composite?
False
Is 3295181543 composite?
False
Is 70308651647 prime?
False
Is 1597192693 composite?
False
Is 2920817377 composite?
False
Is 3805949999 prime?
True
Is 2081101349 prime?
True
Is 2259734506 a composite number?
True
Is 99272489 a composite number?
True
Is 810220273 a prime number?
False
Is 144831566333 composite?
False
Is 3686080183 a composite number?
False
Is 142024627 composite?
False
Is 32026380151 composite?
False
Is 190315329 a prime number?
False
Is 56499123323 prime?
True
Is 3743292773 composite?
True
Is 669184049 composite?
True
Is 813621889 composite?
True
Is 148974673 a prime number?
True
Is 1251198149 prime?
True
Is 45842421029 a composite number?
True
Is 129754455407 a prime number?
True
Is 22413431281 composite?
True
Is 6286955491 a prime number?
True
Is 179394283 a composite number?
True
Is 327887445239 prime?
False
Is 54058251169 a prime number?
False
Is 1364096387 composite?
False
Is 25610675653 a composite number?
True
Is 1577481869 prime?
True
Is 159784969 a prime number?
False
Is 1445114603 composite?
True
Is 933466839 a composite number?
True
Is 3291223163 a prime number?
True
Is 1015123921 prime?
False
Is 5935170463 a prime number?
True
Is 779074139 a prime number?
True
Is 37050900763 a prime number?
True
Is 5275860263 prime?
False
Is 96835486427 a prime number?
True
Is 4422550579 a prime number?
False
Is 2994545999 prime?
True
Is 10157853185 composite?
True
Is 5255130463 composite?
True
Is 74631493063 p